e first derivative of -23*h**4/4 + h**3/3 + h - 5711. Give j(2).
-179
Let z(c) = 10*c - 4*c - 492 - 493 - c**2 + 982. Let q(r) = r**2 + 4*r + 2. Let y be q(-5). What is z(y)?
-10
Let s be 18/8 - (-1 - 5)/(-24). Let h(t) = -4*t**2 + 5*t**2 + 6 - s*t**2 - 5*t. Give h(-7).
-8
Let p(x) = 7*x. Let m(h) = -1. Let b(d) = 6*d + 14. Let v(i) = b(i) + 3*m(i). Let s be 3*(-1)/(105/14)*5. Let j be v(s). Determine p(j).
-7
Let a(o) be the second derivative of o**5/20 - 13*o**4/12 + 2*o**3 + 2*o**2 + 2642*o. Give a(12).
4
Let x(o) = 7*o**2 + 92*o - 31. Let m(h) = 3*h**2 + 38*h - 16. Let t(l) = -5*m(l) + 2*x(l). What is t(5)?
-37
Let h(k) be the second derivative of -k**5/20 + k**4/12 + 7*k**3/3 - 5*k**2/2 + 5317*k. Give h(4).
3
Let w be 214/6*(1 + -4). Let y(c) = -c**3 - 31*c**2 - 250*c - 54. Let p be y(-16). Let j = w + p. Let q(i) = -2*i**2 - i - 1. Give q(j).
-2
Let d(y) = y**2 - y + 6. Let t be d(0). Suppose f - 3*j + 10 = 0, -3*j = 3*f - 8 - 10. Let h(s) = -f*s + 60 - 50 + s. Calculate h(t).
4
Let a(d) be the third derivative of d**5/60 - 13*d**4/24 + 5*d**3/2 - 567*d**2 + 3*d. Calculate a(11).
-7
Let m(u) = -u**2 - 21*u + 126. Let k(x) = 19*x - 280. Let w be k(15). Determine m(w).
-4
Suppose 0 = -3919*r + 3946*r + 1404. Let d(o) = -2*o - 114. Calculate d(r).
-10
Suppose 245*h + 4*x = 242*h - 76, -4*h + 4*x = 36. Let u(w) = w**2 + 9*w - 117. Give u(h).
-5
Let c(d) be the first derivative of -d**5/3 + d**4/12 - d**3/3 - d**2 + 9*d - 170. Let i(o) be the second derivative of c(o). Determine i(1).
-20
Let w(g) = -25*g**3 - 13*g**2 + 8*g - 29. Let m(l) = -54*l**3 - 28*l**2 + 17*l - 62. Let d(s) = -6*m(s) + 13*w(s). Give d(3).
-35
Let p(i) = -i**2 + i - 1. Let n be p(2). Let x(r) be the first derivative of r**3/3 + 3*r**2/2 + 3*r + 14107. Determine x(n).
3
Let s be 8 + (-3)/(-9)*3. Let x be (-6)/s*3*-1. Let f(k) be the third derivative of k**6/60 - k**5/60 + k**4/24 + 68*k**2 - k. What is f(x)?
14
Let v(c) be the second derivative of c**3/6 - 17*c**2/2 + 81*c - 4. Determine v(7).
-10
Let u(j) = j**3 - 4*j**2 - 7*j + 10. Suppose -2*x + 2*c = -2, 0*c + 4*c = 20. What is u(x)?
40
Let h(t) = -t**2 + 14*t + 20. Suppose 5*f + 410*a - 50 = 412*a, -a = 0. Determine h(f).
60
Let o = -33437 - -33448. Let v(z) = 53*z - 578. Give v(o).
5
Let x be (2 - 1) + 9/(-72)*0. Let v(j) = 2*j**2 - 4*j - 9. Let k(q) = -q**2 + 2. Let f(l) = x*v(l) + 3*k(l). Calculate f(-6).
-15
Let s(n) = 1 - n**3 + 0 + n - 5*n**2 - 3*n. Let v(u) = -u**3 + 5*u**2 + 222*u - 1300. Let h be v(6). What is s(h)?
-7
Let k(a) = -101*a - 199. Let y(d) = -d**3 - 44*d**2 - 168*d - 322. Let u be y(-40). Determine k(u).
3
Let a(d) = 9*d**3 - 419778*d - 7*d**3 - 1 + 419774*d + 4*d**2. Determine a(-5).
-131
Let k(i) = -i**2 + 10*i + 8. Let n(b) = 15*b - 1220. Let x be n(82). Determine k(x).
8
Let z = 375 - 373. Suppose 3*w + 14 = -4*p, -w - 9 = 2*w + 3*p. Let y(q) = -q**w + 3*q + 51*q**3 - 1 - 60*q**3 - z*q. Give y(1).
-10
Let n(p) = -11*p - 40. Let j = -35832 + 35826. Calculate n(j).
26
Let s be (-2)/(-4) - (-441)/18. Suppose -s*j + 27*j - 4 = 0. Let z(x) = -2*x**j - 1 + x - 2*x**2 - 6*x**2. Give z(1).
-10
Let v(x) = 3*x**2 + 18*x + 27. Let j(i) = -7*i**2 - 37*i - 62. Let t(l) = 2*j(l) + 5*v(l). Give t(-16).
11
Let y(b) = -69*b**3 - 15*b**2 + 48*b - 15. Let p(g) = 32*g**3 + 7*g**2 - 22*g + 7. Let h(r) = 13*p(r) + 6*y(r). Determine h(0).
1
Let p = 677 - 681. Let l(r) = -34*r - 140. What is l(p)?
-4
Let u(b) = -1247*b - 41158. Let g be u(-33). Let h(t) = 1 + 4*t - 3*t + 5. Determine h(g).
-1
Let x(b) = -3*b**3 + 11*b**2 + 3*b + 11. Let v(k) = 10*k**3 - 34*k**2 - 10*k - 34. Let h = 290 - 283. Let q(t) = h*x(t) + 2*v(t). Determine q(9).
18
Let s(o) be the first derivative of o**2/2 - o + 75. Suppose -x - 9 = 2*x. Calculate s(x).
-4
Suppose 4*f + 12 = 0, -2*u + 13 = -0*u - 3*f. Let p(n) = -7*n + 8 - n**3 - 88*n**2 + 38*n**u + 43*n**2. Calculate p(-6).
14
Let q(v) = 4*v + 1. Let z(a) = -3*a**2 - 147*a + 4. Let i be z(-49). Give q(i).
17
Suppose 8*w - 11*w = -117. Suppose -w*i = -87*i + 48. Let a(t) = -t**2 + t - 1. Let q(y) = -19*y**2 + 7*y - 7. Let s(o) = -6*a(o) + q(o). Determine s(i).
-13
Let b(i) = i - 5. Let r = 495 + -491. Suppose 5*a = w + 2*w + 27, w + r*a = -9. Calculate b(w).
-14
Let m(f) = -26 - f**2 - f - f**3 + 0*f + 23. Let o be 1/2*-2 - -9. Suppose 0 = -o*i + 5*i. Give m(i).
-3
Let y(o) be the first derivative of -o**4/12 - 4*o**3/3 - o**2 + 60*o + 117. Let i(w) be the first derivative of y(w). Determine i(-8).
-2
Let f be (-1)/2*(24 - 36). Let u(w) be the first derivative of 0*w**2 + 7 + f*w + 1/3*w**3. Give u(0).
6
Let y(l) = -2 + 267*l**3 + 273*l**3 - 802*l**3 + 260*l**3 + 5*l - 2*l**2. What is y(-3)?
19
Let u(t) = -t**2 - 18*t - 65. Suppose 3*b + b = -7*b - 132. Calculate u(b).
7
Let y be (-8)/(-3)*(-1)/(-4)*6. Let c(h) = 2*h**2 - 88*h - h**3 - 4*h**2 + y + 91*h. Let n = 26 + -29. Calculate c(n).
4
Let q(b) = -417*b + b**2 + 961*b - 554*b + 13. Suppose 3*i + 18 = t, -4*t = -t - 5*i - 42. What is q(t)?
4
Let y(q) be the second derivative of 3*q**5/10 + q**4/12 + 14*q. Let j be y(1). Let p(z) = -1 + 15 + j*z - 7 - 8. What is p(2)?
13
Let z(p) = -3*p + 1. Let r(a) be the first derivative of -a**3/3 + 39*a + 47. Let t be r(-9). Let f = -44 - t. Calculate z(f).
7
Let j(r) = -5*r**2 + 1. Let h = 68 - 36. Let w = 47 - h. Let v(t) = t**3 - 13*t**2 - 31*t + 13. Let x be v(w). What is j(x)?
-19
Let l be (48 - 2)/((-10)/15). Let d = l + 66. Let b be -4 + (3 - 2)*d. Let r(i) = -i**2 - 6*i + 7. Determine r(b).
0
Let n(d) be the third derivative of -d**5/60 + 31*d**4/24 - 11*d**3/6 - 1262*d**2. Determine n(31).
-11
Let v(a) = 7 - 6 - 124*a + 7 + 4 + 133*a. What is v(3)?
39
Let a(n) = -n**2 + n + 33. Let v be a(-5). Let x(d) = -16*d - 28*d**3 + 17*d**2 + 71*d**v - 20*d**3 - 3 - 11 - 24*d**3. What is x(16)?
-14
Let f be (-10 - -7) + -2 - -8. Let i(w) = w**f - 2*w**3 + 12 - w - 8*w**2 - 22. Calculate i(-8).
-2
Let u(y) = -4*y**2 - 5. Let x(t) = t**2 + 1. Let n(m) = 4*u(m) + 18*x(m). Let d = -493 + 491. Determine n(d).
6
Let n(z) = 2*z. Let c(x) = -37*x + 7. Let t be c(-5). Let w(l) = 1 - t*l - 188*l + 387*l - 6. Let y(p) = -3*n(p) + w(p). What is y(6)?
1
Suppose 29 = 3*t - 16. Let h = 245 + -258. Let v = t + h. Let m(g) = -g - 1. Determine m(v).
-3
Let v(c) = -6*c - 9*c - 14*c - 40 + 31*c. Calculate v(17).
-6
Let g(n) = n**2 - 18*n - 1. Let s(v) = 2*v**2 - 18*v - 75. Let l(j) = -g(j) + s(j). Calculate l(-9).
7
Let i(k) = -6*k**2 + 7*k - 8. Let f(m) = 7*m**2 - 5*m + 10. Let g(y) = 4*f(y) + 5*i(y). Let c be g(8). Let j(h) = 2*h + 12. Determine j(c).
-4
Let p(k) be the third derivative of k**6/120 + 7*k**5/60 + 3*k**4/8 + 13*k**3/6 + 11*k**2 + 118. Calculate p(-7).
-50
Let o = -293 - -429. Suppose 37*p + o = -12. Let k(f) = -f**3 - 2*f**2 + 3*f + 5. What is k(p)?
25
Let u(p) = p**2 + 12*p - 130. Let o be u(7). Let q(f) = -f + 6*f + o - 8*f + 2*f + 3*f. Suppose -5*s - 30 = -0*s. Give q(s).
-9
Let a(y) be the third derivative of -y**5/60 + 7*y**4/8 + 13*y**3/2 + 456*y**2 + y. What is a(-2)?
-7
Let m(s) = 4*s**2 + 5*s - 4. Let n = -1646 - -1647. Give m(n).
5
Let v be (3 - 3/(12/8))/1. Let p(y) = -45*y**3 + y**2 - 3*y + 2. Calculate p(v).
-45
Let u = 18 - -60. Let a = 78 - u. Suppose 2*y - 24 = 4*m, -2*m - m + y - 16 = a. Let o(d) = 3*d + 5. Determine o(m).
-7
Let q(a) = 190*a + 265. Let o(w) = 29*w + 41. Let i(x) = -45*o(x) + 7*q(x). Give i(-1).
-15
Let g(r) = 29*r + 221. Let l be 8/((-264)/22 + 11). Calculate g(l).
-11
Let l(j) = -j**2 - 10*j - 9. Let k = 15443 - 15453. Calculate l(k).
-9
Let n(f) = 9*f - 126. Suppose -471 + 6 = -31*g. Calculate n(g).
9
Let y = 2204 + -2199. Let c(b) be the third derivative of -b**6/120 + 7*b**5/60 - 11*b**4/24 + b**3 + b**2. Let j be c(y). Let u(i) = i**2 - 2*i + 1. Give u(j).
0
Let g(v) = 53 + 4 + 2*v + 8*v - 3*v - 2*v**2 - v. Let h be g(7). Let m(z) = 2*z**3 - z**2. Give m(h).
1
Let r(y) = -y**3 + 3*y**2. Let i = -40 - -37. Let q be 4 - (i + -3*(-8)/6). Calculate r(q).
0
Let l(c) = -c**3 + 8*c**2 - 4*c + 11. Let t = -280 - -277. Let y be (-1 - t) + (-624)/(-104). Determine l(y).
-21
Let n(u) = 93*u**2 - 40*u**2 - 33*u**2 - 23*u + 18*u**2 - 39*u**2 - 3. Determine n(-23).
-3
Let v(y) = -y**2 - 3*y + 1. Let s = -1293 + 2279. Let o = 990 - s. Determine v(o).
-27
Let d = -5785 - -578